7d26
Convert 489172 (base 11) to base 12.
313773
-112221020110 (base 3) to base 6
-10144533
What is 48338 (base 13) in base 2?
100000010100010110
47074 (base 8) to base 15
5e03
What is 65532363 (base 7) in base 12?
1a71303
11111011000001100010 (base 2) to base 10
1028194
-226332 (base 10) to base 14
-5c6a8
Convert 173ba03 (base 12) to base 10.
4810467
Convert 58475 (base 9) to base 2.
1001100001110101
-121040 (base 9) to base 4
-101303220
What is -1a6a6 (base 13) in base 4?
-30213201
What is -12102012220110 (base 3) in base 9?
-5365813
What is 1411bd (base 15) in base 8?
3536025
-b4b264 (base 14) to base 15
-8077cc
-1764952 (base 13) to base 14
-1020642
Convert -340222 (base 7) to base 14.
-17cb9
Convert -21210001222 (base 3) to base 7.
-1205324
What is 3178b (base 12) in base 4?
33320123
Convert -22a391 (base 15) to base 4.
-12103330201
What is -2636a6 (base 11) in base 3?
-210001222100
What is 2b77 (base 15) in base 14?
358d
What is 21333322102 (base 4) in base 6?
132102334
25f990 (base 16) to base 13
691a20
-48169e (base 16) to base 7
-55104465
Convert 2762d (base 15) to base 2.
11110110100111100
What is 13478 (base 13) in base 7?
206513
-4651027 (base 9) to base 13
-6a0162
Convert 1322242302 (base 5) to base 16.
32aee9
313350 (base 11) to base 15
9dc05
What is 4a7728 (base 11) in base 10?
800808
Convert 3dce9 (base 15) to base 9.
332463
88386 (base 10) to base 6
1521110
-111001000001011010011 (base 2) to base 14
-368d23
What is -1001000001001000 (base 2) in base 8?
-110110
-763c63 (base 14) to base 8
-17220057
What is -1131834 (base 14) in base 2?
-11111001110110001010110
What is -1428cd6 (base 15) in base 5?
-12211344101
80aaa4 (base 11) to base 3
2110012102211
36001031 (base 7) to base 12
1092588
What is 38915 (base 12) in base 9?
127078
What is 62541 (base 12) in base 2?
11111011010000001
Convert -8601de (base 16) to base 13.
-1a86539
Convert 880c0 (base 15) to base 13.
121938
Convert -1a9299 (base 15) to base 5.
-312442334
Convert 154817 (base 16) to base 10.
1394711
What is -ad592 (base 14) in base 4?
-1212301030
Convert -2d9b9 (base 15) to base 5.
-14203244
Convert 6628458 (base 9) to base 6.
204203555
-13443301 (base 6) to base 2
-1101111100011110101
What is 854028 (base 9) in base 12?
20608b
112102022 (base 3) to base 6
120355
What is 675a4 (base 15) in base 13?
b6791
Convert -627032 (base 9) to base 14.
-99aa8
Convert 2747982 (base 11) to base 4.
102011013103
What is 10ec4c (base 16) in base 10?
1109068
Convert -25036353 (base 7) to base 10.
-2244777
Convert -4735747 (base 10) to base 4.
-102010030003
Convert 6310274 (base 9) to base 8.
14673047
-5a7688 (base 11) to base 8
-3526414
What is 368273 (base 15) in base 7?
31115451
11410030210 (base 5) to base 11
75a6601
What is 8182 (base 16) in base 9?
50427
Convert 20154533 (base 6) to base 3.
1002020000110
What is -595125b (base 12) in base 13?
-376b0c8
-1201122010002 (base 3) to base 9
-1648102
What is 64400 (base 13) in base 8?
541136
Convert 495138 (base 11) to base 3.
1110202210020
11204402400 (base 5) to base 4
233332021312
What is 1a831c (base 13) in base 12?
28676b
Convert a689d (base 15) to base 10.
528448
1124655 (base 7) to base 12
696b0
Convert -9c06b7 (base 14) to base 15.
-6eb2b5
Convert 10121312032 (base 4) to base 12.
4780ba
What is 13424731 (base 8) in base 10?
3025369
Convert 140641 (base 11) to base 12.
a7656
Convert -135306 (base 11) to base 15.
-42c33
What is -3b0f9 (base 16) in base 6?
-5103545
What is 4501135 (base 7) in base 14?
1063c5
What is -1796951 (base 11) in base 16?
-2e624a
-10101110100001100 (base 2) to base 16
-15d0c
What is -2b8b (base 13) in base 3?
-22201212
What is -130033320 (base 4) in base 8?
-341770
-144629 (base 13) to base 2
-1111000111100001110
What is 17b822 (base 16) in base 12?
62b6aa
Convert 42625 (base 11) to base 4.
33020123
What is -1012328 (base 9) in base 7?
-4405361
What is -101001010000101111 (base 2) in base 13?
-5bc07
Convert 10121110011002 (base 3) to base 12.
786025
-135ab1 (base 13) to base 16
-72b23
Convert 77835 (base 10) to base 12.
39063
Convert 85c1c (base 16) to base 14.
103936
What is 71cd8 (base 15) in base 12?
154865
1075708 (base 13) to base 6
300000144
What is -202200101 (base 4) in base 7?
-1126016
31146261 (base 7) to base 2
1001111110111000111000
Convert 12307341 (base 8) to base 3.
12010101000100
Convert 1026123 (base 7) to base 10.
124575
What is -21112222200 (base 3) in base 15?
-2e0dc
What is 448a96 (base 11) in base 12?
2a574b
What is -3236333 (base 9) in base 13?
-48a683
-202020333322 (base 4) to base 7
-136033402
6b07f7 (base 16) to base 5
3243430031
What is 122333003333 (base 4) in base 15?
94b032
Convert 396394 (base 11) to base 13.
18a97b
a080a7 (base 11) to base 2
110001011110100011011
12011121102 (base 3) to base 12
4aa92
Convert 436727 (base 12) to base 4.
10010332033
-4304240 (base 5) to base 4
-101223331
What is -204255543 (base 7) in base 15?
-10ceac3
4143120 (base 6) to base 12
97aa0
281532 (base 10) to base 16
44bbc
What is 104421376 (base 8) in base 10?
17965822
Convert 51302 (base 7) to base 9.
18125
Convert 41223 (base 14) to base 6.
3210023
What is 4437283 (base 9) in base 14?
461c6b
Convert 21345 (base 13) to base 6.
1141123
Convert 5327613 (base 8) to base 13.
3a9b59
-2202302022 (base 4) to base 11
-415a48
What is 1467220 (base 8) in base 14?
ad888
21496 (base 12) to base 11
2aa80
Convert 1bba1b3 (base 12) to base 6.
331533143
71654 (base 16) to base 13
133544
a168 (base 14) to base 12
14068
Convert -d59bcb (base 14) to base 6.
-414315235
Convert -221023340 (base 5) to base 15.
-13cdb5
What is 616063 (base 9) in base 8?
1311346
Convert -5aad (base 15) to base 16.
-4b58
Convert 2644432 (base 8) to base 3.
1101120112222
Convert 1222202333 (base 4) to base 8.
1524277
Convert -26420357 (base 8) to base 2.
-10110100010000011101111
-21486133 (base 9) to base 8
-47506024
-17181a7 (base 11) to base 5
-1222040240
-63273 (base 11) to base 5
-10422121
244301 (base 6) to base 13
9b5c
What is bb11b (base 15) in base 11?
376519
Convert -1311588 (base 12) to base 11.
-2135845
-208da (base 16) to base 11
-911a7
-121321200311 (base 4) to base 8
-31714065
-10080a2 (base 11) to base 15
-253166
Convert 30122011 (base 5) to base 2.
111010010110011110
What is -136534365 (base 7) in base 13?
-1b4404c
4511213 (base 8) to base 15
190993
What is 110392 (base 10) in base 8?
327470
Convert 2454765 (base 8) to base 7.
5523545
171401 (base 8) to base 15
13674
Convert -21114203 (base 5) to base 14.
-482c2
What is -2321353 (base 10) in base 11?
-1346081
Convert -36488 (base 11) to base 16.
-cd09
What is -5b308 (base 12) in base 8?
-360370
Convert -20244203 (base 6) to base 9.
-1075653
Convert 36523663 (base 7) to base 11.
1931383
What is 4120663 (base 9) in base 16?
218bce
-31d0 (base 14) to base 12
-4b96
-10233102230 (base 4) to base 7
-13362551
What is 205fd (base 16) in base 10?
132605
-101012000010111 (base 3) to base 14
-a0c8d1
Convert -27636 (base 12) to base 3.
-2202201120
-b29ad4 (base 14) to base 5
-3020112423
What is -1bc6e (base 16) in base 15?
-23a9e
Convert -62dd (base 16) to base 15.
-7774
-133033121 (base 4) to base 14
-348c1
-120131 (base 5) to base 7
-15606
Convert 1031244 (base 5) to base 14.
6643
-104611366 (base 7) to base 14
-bb02a6
Convert -12330414 (base 5) to base 16.
-1d79e
Convert 53a201 (base 11) to base 16.
d2a0b
Convert 49894 (base 11) to base 5.
4242424
Convert -607aa (base 12) to base 3.
-20101020011
What is -11a1902 (base 11) in base 14?
-3c2788
What is -159984 (base 10) in base 16?
-270f0
-11013243 (base 5) to base 6
-2010555
Convert 4030443233 (base 5) to base 4.
132300111232
Convert -12132232221 (base 4) to base 14.
-3230db
44263503 (base 8) to base 3
122221010112200
What is 1bdc4 (base 16) in base 15?
23c2b
23489 (base 10) to base 8
55701
What is 10200222000022 (base 3) in base 11?
11242a9
1441834 (base 9) to base 13
21acb1
203331021230 (base 4) to base 13
1c50239
Convert -20227314 (base 8) to base 6.
-231320540
614616 (base 9) to base 6
11450240
-3120311012 (base 4) to base 3
-1200010021212
What is -4cae9 (base 15) in base 5?
-30323334
Convert 345431151 (base 6) to base 4.
120201020023
1202441 (base 7) to base 9
251662
Convert 1022010100201 (base 3) to base 6.
22452414
What is